*s(c) + 7*u(c). Let a be (-2)/(-3) - (-35)/15. Determine d(a).
-2
Let c = 74 - 73. Suppose -2*j + c - 7 = 5*k, 31 = 5*j + k. Let u(l) = -l**2 + 8*l + 10. What is u(j)?
17
Let y(p) = -4*p - 3. Suppose 6*i - 65 - 31 = 0. Suppose 0 = 3*j + 5*d - i, 4*j + 0*j + 2*d = 12. Suppose 2*s - 2 = -j*l, 0*s = s + 3*l - 11. What is y(s)?
13
Let n(l) = -l**2 + 11*l + 3. Let j be n(11). Let h(s) = -4*s**j - 4*s + 5*s + 4*s**3 + 4*s**2 - s**3. Calculate h(2).
10
Suppose -41*b = -36*b - 40. Let v(t) be the second derivative of t**5/20 - 7*t**4/12 - 7*t**3/6 + 7*t**2/2 - 4*t. Give v(b).
15
Suppose -2*o = u - 16, -3*o + 3*u + 15 = -0*o. Let g(c) = -c**2 + 9*c - c - 8 + c. What is g(o)?
6
Let v(n) = -n**2 - 7*n + 7. Let o be v(-6). Suppose 2*d + 10 = d. Let y = d + o. Let g(p) = 2*p**2 - 4*p + 3. What is g(y)?
9
Suppose -9*n = -8*n + 7. Let p(b) = 2*b - 8. Let g(i) = -2*i + 7. Let x(v) = n*g(v) - 6*p(v). What is x(-1)?
-3
Let f(p) = -p**3 - 2*p**2 + 3*p - 3. Suppose 0 = 520*a - 512*a + 32. Give f(a).
17
Let i(g) = -288*g**3 + 12*g**2 + 12*g + 24. Let a(f) = -115*f**3 + 5*f**2 + 5*f + 10. Let r(q) = 12*a(q) - 5*i(q). Give r(-1).
-60
Let z be 24/(17 + -7 - 7). Let y(p) = -p**2 + 8*p + 11. Calculate y(z).
11
Let w(h) be the second derivative of -h**4/4 - h**2/2 + 9*h + 7. What is w(-1)?
-4
Let o(s) = -8*s**3 - 2*s**2 - s + 2. Let p be o(1). Let z(i) = -i - 11. Let j be z(p). Let k(a) = -a**3 - 3*a**2 - 4*a - 2. Calculate k(j).
2
Let z(f) = 3*f**2 + 11*f - 26. Let b(n) = 2*n**2 + 6*n - 13. Let k(q) = -5*b(q) + 3*z(q). Let c(i) be the first derivative of k(i). Determine c(-3).
9
Let w(t) = -44 - 9*t + 0*t**2 + 128 - 49 - t**2 - 40. Determine w(-5).
15
Let m(v) be the second derivative of v**4/4 + v**3/3 + v**2/2 - v. Let z be 6/(-4)*168/126. Give m(z).
9
Suppose -2*n - 2*h = -12, n - 4*h + 18 = h. Let f(t) = 1 - 6*t + 3*t**3 - t**2 + t**n - 2*t**3 - 4*t**2. What is f(5)?
-4
Let u(c) = c**2 - 13*c + 15. Let f = -1626 + 1639. Give u(f).
15
Let r(y) be the third derivative of -y**6/60 + y**5/15 - y**4/8 + y**3/3 - 22*y**2. Let d(g) = -g**3 - 15*g**2 + 15*g - 14. Let s be d(-16). Calculate r(s).
-4
Let f(o) = -o**3 + 3*o**2 + 2*o + 10. Suppose 37*x - 41*x = -12. Let t(q) = -q**2 - q + 1. Let k(b) = x*t(b) - f(b). Determine k(7).
7
Let c(w) = 20 - 69 + 2*w + 36. Determine c(8).
3
Let v be ((-27)/3)/(-18 - -21). Let l(t) = 3*t - 5*t + 4 + 3*t. What is l(v)?
1
Let v(j) = j - 4. Let l(r) = r + 7 - 6 + 0. Let i be l(6). Give v(i).
3
Let q(v) = -12*v + 7*v**2 - 8 + 6*v**2 - 8 - 14*v**2 + 4. What is q(-11)?
-1
Let k(s) = -s**2 + 2*s - 1. Let a(h) = -4*h**2 - 6*h - 17. Let x(o) = a(o) - 3*k(o). What is x(-11)?
-3
Let v(q) = 9*q + 19 + 24 - 8*q - 54 + 19. Determine v(-11).
-3
Suppose -1 + 2 = t. Let c(k) = -9*k**3 - k**2 - 6*k + 7. Let l(w) = -3*w**3 + 2*w - 2. Let v(g) = c(g) + 3*l(g). Determine v(t).
-18
Let v(u) = 5*u + 18. Let q(d) = 9*d + 34. Let c(n) = 3*q(n) - 5*v(n). Determine c(-7).
-2
Suppose -5*y + 3*y = -k - 1, 0 = -5*k - 15. Let l(n) = 23*n**2 - 8*n + 8*n - 27*n**2. Give l(y).
-4
Let f(g) = 2*g**3 + 6*g**2 + 3*g + 8. Let z(t) = -t**3 - t - 1. Let s(c) = f(c) + z(c). Suppose 0 = -21*q + 8*q - 78. What is s(q)?
-5
Let f(c) be the second derivative of -1/2*c**2 + 0 + 19*c + 1/3*c**3. What is f(-2)?
-5
Let x(i) = -i**2 - 9*i + 4. Let o = 44 - 42. Suppose 0 = -o*r + 3*r + 7. What is x(r)?
18
Let s be ((-3)/6)/(34/(-68)). Let k(r) = -25*r**3 + r**2 - r + 1. Calculate k(s).
-24
Let b(a) = -a**3 - 9*a**2 - 14*a + 9. Let k(h) = -h**2 - 1. Let x(w) = b(w) + 6*k(w). Let t be x(-14). Let d(z) = -4*z - 1. Give d(t).
-13
Let c(d) = -4*d**3 - 9 - 7*d - 7*d**2 + 13 + 3*d**3. Suppose 16 = -4*m - 2*f, 11*f + 34 = -5*m + 12*f. Calculate c(m).
10
Let t(b) be the second derivative of -b**5/20 + b**4/2 - 2*b**3/3 - b**2 - b. Let a(y) = y**3 + 6*y**2 + 1. Let u be a(-6). Let k be 24/2*u/3. Give t(k).
14
Let p = 22 - 14. Suppose -7 = -p*t + t. Let d(h) = 7*h**2 + 0 - 2 + 3. What is d(t)?
8
Let q be (-18)/(-1)*4/3. Suppose -5*a = -9*a + q. Let j(y) = 1 - 3 - 2*y - a + y. Give j(-6).
-2
Let h(u) = -u**2 + 5*u - 1. Let a be 4/(-6) + 26/(-6). Let b(j) be the first derivative of -j**3/3 + 4*j**2 - j + 54. Let z(v) = a*b(v) + 7*h(v). Give z(-3).
-5
Let b(y) = -8*y**2 + y**3 + 9*y**2 + 5 - 11 + 0*y**2 - 9 + y. Let t(w) = -w**2 + w. Let v be t(1). Give b(v).
-15
Suppose -f - 2*f = -21. Let w be (-51)/f + 2/7. Let r(b) = -24*b - 5. Let o(x) = -19*x - 4. Let u(k) = -5*o(k) + 4*r(k). What is u(w)?
7
Let s(f) = -f**3 + 8*f**2 + 8*f - 4. Let t be 817/86 + (-1)/2. Calculate s(t).
-13
Let t(p) be the first derivative of p**6/360 + p**5/20 - 7*p**4/24 + 2*p**3/3 + 4. Let w(y) be the third derivative of t(y). Determine w(-7).
0
Suppose -14*c = -13*c - 3. Let q be (-15)/5*4/c. Let d be ((-2)/q)/((-9)/(-126)). Let i(y) = y**2 - 8*y + 6. Calculate i(d).
-1
Let f(s) = s - s**2 + 33 - 2*s - 35 - 4*s**2. Let d(n) = -n + 1. Let l be d(2). Let p be f(l). Let x(w) = -w - 7. Calculate x(p).
-1
Let w(d) be the first derivative of -d**4/4 - d**3 + 2*d**2 + 562. Give w(-4).
0
Let v = 632 - 638. Let s(m) = m**2 + 3*m - 5. What is s(v)?
13
Let b(c) = -2*c - 3 - 5781*c**2 + 11569*c**2 - 5787*c**2. Give b(5).
12
Let x(a) = a**3 + a**2 - a. Let o(r) = r**3 + 13*r**2 + 12*r - 9. Let l be o(-12). Let g = -23 + 32. Let q = g + l. Calculate x(q).
0
Let d(n) = n - 3. Let f(b) = -b**2 - 11*b - 20. Let s be f(-9). Let t be (3/(-6) - (-4)/(-4))*s. What is d(t)?
0
Let y(g) = -g + 7. Let b be y(3). Suppose 0 = -2*m - b + 16. Let z(c) = 9*c**2 - c**3 + 4 + 0*c - m*c - c - c. Calculate z(8).
4
Let l(v) = 5*v**2 + 21*v + 29*v - 13*v - 8. Let j(b) be the first derivative of -b**3/3 - 9*b**2/2 + 2*b - 48. Let z(k) = -9*j(k) - 2*l(k). Give z(7).
-2
Let d = -137 + 130. Let c(u) = -2*u**3 + 6*u**2 - 7*u - 13. Let h(t) = -5*t**3 + 12*t**2 - 14*t - 27. Let a(j) = 7*c(j) - 3*h(j). Determine a(d).
-10
Let i(y) = -y + 3*y - 3*y. Let r(p) = 220*p + 6816. Let m be r(-31). Determine i(m).
4
Let t(k) = 739 - 5*k - 225 - 245 - 228. Determine t(7).
6
Suppose 2 + 8 = -2*t. Let w = 9 + t. Suppose 5*c + 3 = w*x, 3*c - 3*x = -2*c - 6. Let f(h) = -h**3 - 3*h**2 + 2*h - 4. Calculate f(c).
-10
Let n(a) = 23*a + 8. Let u be n(-3). Let q = -63 - u. Let o(r) = r**2 + 4*r + 1. Give o(q).
-3
Let t(g) = 7*g + 6. Let c(u) be the third derivative of 5*u**4/12 + 3*u**3/2 + 14*u**2. Let n(x) = 5*c(x) - 7*t(x). Give n(0).
3
Let i be 2/(-5)*(-1 + 2 + 4). Let m(w) = -w**2 - 2*w - 4. Determine m(i).
-4
Suppose 3*f = 3*z - 6, -4*z + 15 = 4*f - f. Suppose -k - 4 = 0, z*h = -0*h + 5*k + 35. Let v = -4 + h. Let t(m) = 5*m - 1. Calculate t(v).
4
Let l be 40/6 + 40/(-60). Suppose 0 = -4*m + t - 11, 0 = m - t - t - l. Let o(f) = f**3 + 3*f**2 - 5*f - 6. Calculate o(m).
-2
Let n(y) = -6*y**2 + 13*y - 8. Let i(t) = 5*t**2 - 12*t + 7. Let r(u) = 5*i(u) + 4*n(u). Suppose -10*x + 65 = 3*x. Give r(x).
-12
Let a(p) = 6 + 3 - 6 - p. What is a(-5)?
8
Suppose -7*u - 10 = -2*u. Let s(t) = 4*t**3 - 13*t**2 - 9*t - 3. Let o(b) = -b**3 + 2*b**2 + b. Let f(w) = -5*o(w) - s(w). What is f(u)?
-1
Let i(g) = -g**2 + 4*g - 3. Let z be 30/20*(-32)/(-6). Let a be (1 + 0)/(2/z). Calculate i(a).
-3
Let t(q) be the second derivative of 4/3*q**3 + 4*q + 1/20*q**5 + 0 - 4*q**2 - 7/12*q**4. Give t(6).
4
Let y(v) = -4*v**3 + v**2 + 4*v + 3. Let z be 4*-7*(-9)/(-126). Give y(z).
31
Let b(y) = 6*y**3 + 2*y**2 + y. Suppose -11 = 3*w + 7*n - 9*n, 3*w + 4*n - 13 = 0. Determine b(w).
-5
Let g(l) be the third derivative of l**5/20 + l**4/24 + l**3/3 + 113*l**2. Calculate g(-2).
12
Let b(z) = -4*z + 8*z + 12*z**2 + 13*z**2 + 24 - 26*z**2 + 4*z. What is b(11)?
-9
Suppose 34 - 14 = -4*g. Let o be 26*1/(-10)*g. Let h(z) = -2*z**2 + 3*z**2 + 11 - 3*z - o. What is h(2)?
-4
Let i(f) = -f**3 - 41*f**2 + 21*f**2 + 4*f + 2*f**3 + 17*f**2. Give i(3).
12
Let t be 4 + 2 + -1*1. Let f = 0 + t. Let b(l) = -3 + 0 - 1 + 160*l - 161*l. Determine b(f).
-9
Let q(m) = -2*m + 2*m**3 + 8*m + 2 - 2*m - m**2 - 7*m - 2*m. Calculate q(3).
32
Let k(m) = m + 3. Suppose 16*x = 15*x + 12. Suppose -2*h + 5*v = 19 + x, -4*v = h - 17. What is k(h)?
0
Let u(k) = -2*k**3 + 8*k**2 + 5*k + 4. Let z(n) = -5*n**3 + 16*n**2 + 10*n + 7. Let y(t) = -7*u(t) + 3*z(t). Let x = 5885 + -5892. Give y(x).
-21
Let u = 242 + -238. Let k(s) be the second derivative